t is the greatest common divisor of p and l?
23
Let r be (-835)/(-15) + 1/3. Suppose -3*h - 2 = 4. Let l be 216/15 + h/5. Calculate the highest common divisor of r and l.
14
Let f be (-9 - 8)*6/2. Let l = f + 91. What is the highest common divisor of 16 and l?
8
Suppose 3*f - 53 - 679 = -0*f. Calculate the greatest common divisor of f and 5.
1
Let q = -61 + -6. Let l = 47 - q. Calculate the highest common divisor of 76 and l.
38
Let w = -123 - -66. Let y = 89 + -71. Let o be 9/y - (w/2 - 1). Calculate the greatest common factor of o and 15.
15
Let p be 4/(-32) - (51987/(-104))/31. Calculate the highest common factor of p and 76.
4
Suppose -2*d + 235 = -4825. Suppose -9*i + d + 863 = 0. What is the greatest common divisor of 29 and i?
29
Let v be (-3)/(-1) + 36/(-18). Let h be (10/(-15))/(v/15). Let l(w) = -w**3 - 10*w**2 - w + 22. Let t be l(h). Calculate the highest common factor of 8 and t.
8
Let p(w) = w**2 - 28*w + 8. Let m be p(14). Let c = m - -416. What is the highest common divisor of 12 and c?
12
Let h be 120144/81*6 + ((-56)/18)/(-7). What is the highest common divisor of 50 and h?
50
Let k be (101/7 + 1)/((-273)/(-1274)). Suppose x - 22 = -4*h + 25, 2*x - 3*h - k = 0. Calculate the greatest common factor of 52 and x.
13
Suppose 3*x = 24*d - 19*d - 3192, 0 = 4*d + x - 2540. Suppose 38*h + d = 42*h. What is the highest common divisor of 53 and h?
53
Let x(s) = 18*s**2 - 277*s - 849. Let g be x(-3). What is the greatest common factor of 486 and g?
18
Let n = -30 - -41. Suppose 8*l = n*l - 15. Suppose 2*k = 3*h + 122, -411 = -l*k + 5*h - 116. Calculate the greatest common divisor of k and 22.
11
Let c = 127 + -182. Let y = -790 - -790. Let z be 3/((-15)/c - y). Calculate the greatest common factor of 77 and z.
11
Suppose 0 = 1070*r - 1061*r + 90. Let c = 11 + r. Let j be (0/1 + -1)*-3. Calculate the highest common divisor of c and j.
1
Let g(v) = 20*v + 9. Let h = 183 - 180. Let r be g(h). What is the highest common factor of r and 253?
23
Let g = 26 + -23. Suppose 2*i = g*o + 7*i - 4, 11 = 4*o + i. Suppose 43 - 70 = -o*r. What is the greatest common factor of 9 and r?
9
Let w(s) = -42*s + 1110. Let g be w(5). Calculate the highest common factor of g and 72.
36
Suppose 13928 = t + 4*t + 3*x, 0 = 3*t - 2*x - 8334. What is the greatest common factor of 338 and t?
26
Let r be ((-15)/(-6))/(2/8*-1). Let l = r + 25. What is the greatest common divisor of 5 and l?
5
Suppose u + 3*k - 121 = 0, -51*u = -53*u - 3*k + 242. Calculate the greatest common divisor of 3 and u.
1
Let z be (-90)/405 + (934/(-9) - 2). Let g = -94 - z. Calculate the highest common factor of g and 300.
12
Suppose -78 = -v - 3*c, 3*v = 5*c + 91 + 185. Calculate the highest common factor of v and 276.
3
Let l(v) be the first derivative of 15*v**2/2 - 18*v + 61. Let i be l(2). What is the highest common divisor of 24 and i?
12
Suppose -4*p = 18*u - 19*u - 423, 3*p = 4*u + 327. What is the greatest common factor of p and 84?
21
Let t(v) = v - 15. Let h be t(8). Let s be (-5229)/h + 1*-4. Suppose -5*x + 15 = 2*j - 476, -s = -3*j - x. What is the greatest common divisor of 31 and j?
31
Let i be (76/6)/((-22)/(-33)). Let g(f) = -18*f + 193. Let x be g(-3). What is the greatest common divisor of i and x?
19
Let u(w) = -4*w**2 + 32*w + 5. Suppose -2 = b - 13. Let p be u(b). Let q = 160 + p. What is the greatest common divisor of 22 and q?
11
Suppose 99*v = 95 + 598. Let l be ((-8)/6)/(2/(-3)). Let w be 28*2/(-1 + l). Calculate the highest common factor of v and w.
7
Let z = 43 + -34. Let w be 4/12 + 114/z. Calculate the greatest common divisor of w and 26.
13
Let p be ((-4361)/98)/(23/(-22) + 1). Calculate the highest common factor of p and 267.
89
Let r be (0 + (-100)/(-6))*(-19 - -34). Calculate the highest common factor of 3 and r.
1
Let w(y) = -y**2 - 46*y - 498. Let v be w(-19). Let n(t) = -2*t. Let h be n(-1). Let z be 659/4 + h/8. Calculate the greatest common divisor of z and v.
15
Suppose 0 = 12*q - 10*q - 102. Let b = -456 - -813. What is the highest common factor of b and q?
51
Let d(r) = 39*r**2 - 145*r + 30. Let v be d(5). What is the greatest common factor of 56 and v?
56
Let f be -2 + 8 + -4 - -3. Let y(l) = -8*l + 7 - f + 2*l**2 + 4. Let s be y(6). Calculate the greatest common divisor of s and 12.
6
Suppose -4*v = v - 25. Suppose v*t + 0*t = 30. Suppose -t*n = -10*n + 64. What is the highest common factor of n and 32?
16
Let v(w) = -8*w + 97. Let b be v(9). Suppose -2*o = -4*g + 36, -12 = -3*g - o + b. Calculate the highest common divisor of 22 and g.
11
Suppose 0 = 3*h - 2*v + 16, -2*v = -0*v - 4. Let t = h - -36. What is the greatest common factor of 256 and t?
32
Let p(g) = 140*g + 1150. Let k be p(-8). Calculate the greatest common factor of 3645 and k.
15
Let t be (-9)/(-9)*20/(-4). Let q be (-22)/(-1) - 5/t. Calculate the greatest common divisor of 46 and q.
23
Suppose 117*i - 491*i + 2852498 = 0. Calculate the highest common divisor of i and 116.
29
Let x(m) = -3*m**3 - 6*m**2 - 4*m - 6. Let k be x(-3). Suppose -k*w + 66 = -31*w. Calculate the greatest common divisor of 15 and w.
3
Suppose 5*t = 526 + 229. Let n = t + -132. What is the greatest common factor of 513 and n?
19
Let s = 19 + -13. Let m be (s - -12) + -12 + (19 - 0). Calculate the highest common factor of 1825 and m.
25
Let t = -22306 - -22926. Calculate the highest common factor of 6324 and t.
124
Suppose -83 - 15 = -h. Suppose -4*v - h = -350. Calculate the highest common factor of 42 and v.
21
Suppose 0 = -7*y + f + 28600, 3*y - 7045 - 5217 = -2*f. Calculate the greatest common factor of y and 36.
18
Let g = -3782 - -6835. Calculate the greatest common divisor of 71 and g.
71
Suppose -h + 7*h = 2*h. Let w = h + 3. Let i(z) = 6*z - 14. Let r be i(w). Calculate the highest common factor of 8 and r.
4
Let h = 3 - -1. Suppose h*c - 2*c - q = 10, -c = -2*q - 8. Suppose 16 = -c*z + 5*z. What is the highest common factor of 32 and z?
16
Let f = 46 + -37. Let d be 2002/18 + (-2)/f. Let j = -88 + 162. Calculate the greatest common factor of d and j.
37
Suppose -3*a - 7*s + 376 = 0, 0*a - 4*a + 3*s + 600 = 0. What is the greatest common factor of 90 and a?
18
Let c = -34 - -20. Let o be (c/(-4))/(1/30). Suppose 4*y = a - 86, 4*a - 54 - 214 = -3*y. Calculate the highest common factor of a and o.
35
Suppose -37*m + 38*m - 452574 = -57*m. Calculate the greatest common divisor of 51 and m.
51
Let w(x) = 2*x**2 + 23*x + 53. Let b be w(-9). Let p be -1 + 5 - ((-3 - 661) + b). Calculate the greatest common divisor of 20 and p.
20
Let p(q) = 26*q**2 + 3*q + 5. Let x be p(3). Suppose 56 - x = -4*s. Calculate the greatest common divisor of s and 2.
2
Let n(m) = m - 3. Let s be n(5). Let d = -1037 + 1053. Suppose -3*k - 2*i = -6, 0 = -d*k + 14*k - 2*i + 4. Calculate the greatest common divisor of s and k.
2
Let h be (596/9 - 1) + 30/(-135). Suppose 0 = -12*q + 182 + 118. Suppose -5*a + q = 0, -d + 2*a + 24 = -5. What is the highest common factor of h and d?
13
Let f be 4/18 + 115/9. Let n(u) = -692*u - 12430. Let a be n(-18). What is the greatest common divisor of a and f?
13
Suppose -j + 10 = -0*j. Suppose j = 13*t - 11*t. Let d be 18 - (6 - t - -3). What is the greatest common factor of 154 and d?
14
Suppose 6 = -3*r, 3*r - 8824 = 2*q - 3590. Let x be (q/(-1))/5 - 16/(-4). Calculate the highest common divisor of 66 and x.
66
Suppose -3*s + 14*s + 55 = 0, -2*v = -4*s - 29244. What is the greatest common divisor of v and 52?
52
Suppose -4*k = 20, -q - 24 = -5*k + 7*k. Let h = 426 - q. Calculate the highest common divisor of 40 and h.
40
Let z(m) = -m + 22. Let o be z(19). Suppose 6*g = 9*g + 4*j - 130, o*g + 2*j = 140. Calculate the greatest common divisor of 800 and g.
50
Let d = 3201 - 3193. Calculate the highest common divisor of d and 51.
1
Suppose -10*x + 6*x = 3*l - 33, -2*x - 4*l = -24. Calculate the highest common factor of x and 22.
2
Suppose -5*f - 20 = 0, 9*j - 4*j - 146 = -f. Suppose 35*p - j*p = 160. Let l = p - 28. Calculate the highest common factor of l and 44.
4
Let m(v) = -6*v**3 - 2*v + 3. Let p be m(1). Let w(r) = r**3 + 4*r**2 - 12*r - 9. Let s be w(p). What is the greatest common factor of s and 234?
26
Let y(f) = -f**3 + 63*f**2 + 7*f + 368. Let i be y(62). What is the highest common di